{"id":214,"date":"2021-07-27T13:34:35","date_gmt":"2021-07-27T11:34:35","guid":{"rendered":"http:\/\/anima24.opti-net.pl\/?page_id=214"},"modified":"2021-07-27T13:34:35","modified_gmt":"2021-07-27T11:34:35","slug":"tomasz","status":"publish","type":"page","link":"http:\/\/anima24.com\/index.php\/tomasz\/","title":{"rendered":"Tomasz"},"content":{"rendered":"<div id=\"pl-214\"  class=\"panel-layout\" ><div id=\"pg-214-0\"  class=\"panel-grid panel-no-style\" ><div id=\"pgc-214-0-0\"  class=\"panel-grid-cell\" ><div id=\"panel-214-0-0-0\" class=\"so-panel widget widget_sow-editor panel-first-child panel-last-child\" data-index=\"0\" ><div\n\t\t\t\n\t\t\tclass=\"so-widget-sow-editor so-widget-sow-editor-base\"\n\t\t\t\n\t\t>\n<div class=\"siteorigin-widget-tinymce textwidget\">\n\t<p><img loading=\"lazy\" decoding=\"async\" class=\"size-full wp-image-206 alignleft\" src=\"http:\/\/anima24.opti-net.pl\/wp-content\/uploads\/2021\/07\/tomek.jpg\" alt=\"\" width=\"250\" height=\"250\" srcset=\"http:\/\/anima24.com\/wp-content\/uploads\/2021\/07\/tomek.jpg 250w, http:\/\/anima24.com\/wp-content\/uploads\/2021\/07\/tomek-150x150.jpg 150w\" sizes=\"auto, (max-width: 250px) 100vw, 250px\" \/><\/p>\n<div class=\"item_introtext\">\n<p>Wsp\u00f3\u0142praca z panem \u0141ukaszem Salatyckim i jego ekip\u0105 jest na najwy\u017cszym poziomie. Profesjonalno\u015b\u0107 i solidno\u015b\u0107 stoj\u0105 w tej firmie na pierwszym miejscu. Wsp\u00f3\u0142pracowa\u0142em do tej pory z Panem \u0141ukaszem ju\u017c dwa razy i mog\u0119 z czystym sumieniem t\u0105 firm\u0119 dalej poleca\u0107.<\/p>\n<\/div>\n<div class=\"item_more\"><\/div>\n<\/div>\n<\/div><\/div><\/div><\/div><\/div>","protected":false},"excerpt":{"rendered":"<p>Wsp\u00f3\u0142praca z panem \u0141ukaszem Salatyckim i jego ekip\u0105 jest na najwy\u017cszym poziomie. Profesjonalno\u015b\u0107 i solidno\u015b\u0107 stoj\u0105 w tej firmie na pierwszym miejscu. Wsp\u00f3\u0142pracowa\u0142em do tej pory z Panem \u0141ukaszem ju\u017c dwa razy i mog\u0119 z czystym sumieniem t\u0105 firm\u0119 dalej poleca\u0107.<\/p>\n","protected":false},"author":1,"featured_media":0,"parent":0,"menu_order":0,"comment_status":"closed","ping_status":"closed","template":"","meta":{"footnotes":""},"class_list":["post-214","page","type-page","status-publish","hentry","post"],"_links":{"self":[{"href":"http:\/\/anima24.com\/index.php\/wp-json\/wp\/v2\/pages\/214","targetHints":{"allow":["GET"]}}],"collection":[{"href":"http:\/\/anima24.com\/index.php\/wp-json\/wp\/v2\/pages"}],"about":[{"href":"http:\/\/anima24.com\/index.php\/wp-json\/wp\/v2\/types\/page"}],"author":[{"embeddable":true,"href":"http:\/\/anima24.com\/index.php\/wp-json\/wp\/v2\/users\/1"}],"replies":[{"embeddable":true,"href":"http:\/\/anima24.com\/index.php\/wp-json\/wp\/v2\/comments?post=214"}],"version-history":[{"count":1,"href":"http:\/\/anima24.com\/index.php\/wp-json\/wp\/v2\/pages\/214\/revisions"}],"predecessor-version":[{"id":215,"href":"http:\/\/anima24.com\/index.php\/wp-json\/wp\/v2\/pages\/214\/revisions\/215"}],"wp:attachment":[{"href":"http:\/\/anima24.com\/index.php\/wp-json\/wp\/v2\/media?parent=214"}],"curies":[{"name":"wp","href":"https:\/\/api.w.org\/{rel}","templated":true}]}}